. Suppose 0 = d + 1, -5*o - 2*d = 3*d - 645. What is the greatest common divisor of o and w?
26
Let y = -9 + 13. Let p = -81 - -117. Suppose d = p - 0. What is the highest common factor of d and y?
4
Let i = -3 - -6. Suppose 2*p = -n + 460, -2*p + 3*p - i*n = 237. What is the highest common factor of p and 33?
33
Let x(v) = v + v**2 + v**3 + 3*v - 3 + 2*v**2 - 6*v. Let c be x(-3). Let p be c + 44 + (2 - 4). Calculate the highest common factor of 18 and p.
9
Let a(s) = -2*s**3 - 4*s**2 + 2*s + 8. Let h be a(-3). Let o = 64 - 14. Calculate the highest common divisor of o and h.
10
Let w(d) = -d**3 - 8*d**2 + 7. Let z be w(-8). Let s = z - 17. Let j be 24/s*15/(-6). What is the greatest common factor of j and 42?
6
Let m be 894/3 - (1 - 0). Let h(f) = 29*f + 85. Let b be h(-2). Calculate the greatest common factor of b and m.
27
Let s be -1 + 6*(5 + -3). Let n be 6/(2 - (-41)/(-22)). Calculate the highest common factor of s and n.
11
Let k(v) = v**2 + 6*v - 4. Let o = -16 + 9. Let r be k(o). Suppose -r*l = m - 9, 0 = 4*m + 4*l - 43 + 15. Calculate the greatest common divisor of 30 and m.
6
Suppose -4 - 4 = -2*a. Suppose z - a = -z + 4*q, -z = -4*q - 2. Calculate the greatest common factor of z and 14.
2
Let q be (-1)/(-2) - 11/22. Suppose q = -4*f + 9*f - 60. Suppose -6*k + 24 = -3*k. What is the greatest common divisor of f and k?
4
Let t(f) = -f**2 - 7*f - 18. Let d be t(-9). Let q = 10 - d. What is the highest common factor of 115 and q?
23
Suppose 956 = 5*m - 3*p + 2*p, -4*m = -2*p - 760. Suppose 0 = -19*t + 11*t + m. What is the greatest common factor of 8 and t?
8
Let l(x) = -2*x + 21. Let m be l(-9). Suppose 109 = 7*v + m. What is the highest common factor of 90 and v?
10
Suppose 26*d - 25*d + a - 284 = 0, -3*d + a = -868. Calculate the greatest common divisor of d and 32.
32
Let o(t) = -t**3 + 24*t**2 + 34*t + 35. Let v be o(25). What is the greatest common factor of 39 and v?
13
Suppose 2*d + 2 = -4*g - 36, 29 = -4*g - 5*d. Let j = 24 - g. Calculate the highest common divisor of j and 7.
7
Let p(r) = -r**3 - r**2 - r + 23. Let b be p(0). Suppose -376*f = -389*f + 299. What is the highest common factor of f and b?
23
Suppose -77 = 115*d - 116*d. Suppose d*j + 1240 = 82*j. What is the highest common divisor of j and 31?
31
Let u(v) = 12*v - 144. Let y be u(15). What is the greatest common factor of y and 45?
9
Let m be 0 + 2/(4 - 2). Let f(s) = 4*s**2 - s + 1. Let q be f(m). Suppose 8*b - q*b = 20. What is the highest common factor of b and 5?
5
Suppose 2*d + 894 - 960 = 0. What is the highest common factor of d and 825?
33
Let x = -78 - -95. Let f(s) = 188*s**3 - 2*s**2 + s. Let u be f(1). Calculate the highest common factor of u and x.
17
Let y be (-1 - -4) + -3 - 5. Let b(t) = -4*t + 3*t**2 + 2*t + 4 - 2*t. Let k be b(y). Calculate the greatest common divisor of k and 9.
9
Suppose -m + 490 = 4*j + j, 183 = 2*j + 3*m. Let n = j - 34. Let l(x) = -x + 3. Let w be l(-10). What is the highest common factor of n and w?
13
Let y(l) = 2*l - l**2 - 8*l + 3*l - 1 - 7*l. Let u be y(-8). Let w be (2 + 0/(-3))*5. What is the greatest common factor of u and w?
5
Let o(v) = 6*v - 254. Let w be o(48). Calculate the highest common divisor of 17 and w.
17
Let i(o) = 421*o**2 + 2. Let w be i(-1). Calculate the highest common divisor of 18 and w.
9
Suppose -7*t + 2*t = -4*n + 601, -779 = -5*n - 3*t. Suppose 5*f - 27 = 43. What is the greatest common divisor of f and n?
14
Let w(t) = 2*t + 24. Let r be w(-11). Suppose 6*f + 14 = -o + 2*f, r*o + 5*f = -16. Calculate the highest common divisor of 1 and o.
1
Suppose -j + 3*c - 10 = -26, -5*j - 2*c + 12 = 0. Suppose -2*p + 188 = 2*d, j*p - 288 = -3*d - p. Calculate the highest common factor of 13 and d.
13
Let w = -19 + -4. Let j = 26 + w. Suppose -j = t - 6. What is the greatest common factor of t and 15?
3
Suppose 87 + 1558 = 5*z + 5*q, 3*z = 4*q + 994. Suppose -5*v - z = -11*v. What is the greatest common factor of 11 and v?
11
Let s(i) = -249*i - 1270. Let y be s(-6). What is the highest common divisor of 42 and y?
14
Let l(u) = 4*u**2 + u. Let t(z) = 5*z**2 + z. Let x(i) = 3*l(i) - 2*t(i). Let o be x(2). Calculate the greatest common divisor of 10 and o.
10
Suppose -27 = 54*s - 729. Calculate the greatest common factor of 208 and s.
13
Suppose 3730*m = 3709*m + 42. Let q(g) = -g**3 - 3*g**2 - 2*g - 4. Let v be q(-3). Calculate the greatest common divisor of v and m.
2
Let u be (-65 + 85)*(-24)/(-4). Let h = -160 + 88. Let d be (-1 - -6)*h/(-15). Calculate the highest common divisor of d and u.
24
Suppose 87*v = 81*v + 54. Calculate the greatest common divisor of 5 and v.
1
Let s(u) = -2*u**3 + 53*u**2 - 21*u - 81. Let d be s(26). What is the greatest common divisor of d and 588?
49
Suppose 5*c - 4*s - 114 = -8*s, 0 = -4*c - 5*s + 84. Let j be (-6012)/(-39) - 4/c. Calculate the greatest common divisor of 22 and j.
22
Suppose -3*r - 8 = -5*r. Suppose -m + 70 = y, -335 + 63 = -r*m - 2*y. Calculate the greatest common divisor of 44 and m.
22
Let y(s) = -4*s**2 - 6*s - 6. Let c(m) = m**2 - 1. Let l(n) = -2*c(n) - y(n). Let o be l(-5). What is the highest common factor of o and 7?
7
Suppose 22 = v + 10*v. What is the greatest common factor of v and 32?
2
Suppose 142 = 2*v - 3*v. Suppose b + 3*b - 932 = 0. Let s = b + v. What is the highest common divisor of 13 and s?
13
Let f = 23 - 21. Suppose 3*n - 275 = -f*n. Suppose -5*z - 5*j + n = 0, -2*j + 1 = z + j. Calculate the greatest common factor of z and 4.
4
Let o = 21 - 5. Suppose -5*b + 10 = 4*g, -b + 5*g = -5*b - 1. Let j be b/27 + 428/18. Calculate the highest common factor of o and j.
8
Let f = 29 - -95. Suppose 0 = -5*g + f + 91. Let y = g + 5. What is the greatest common divisor of 6 and y?
6
Let z(x) = -38*x - 26. Let w(n) = -13*n - 9. Let t(m) = 17*w(m) - 6*z(m). Let k be t(11). Calculate the greatest common factor of k and 32.
16
Let l = -66 - 11. Let g be (l/6*-2)/((-1)/(-6)). Calculate the greatest common factor of 14 and g.
14
Let f be -53*(-8*1)/2. Suppose -f = -5*q - 82. Suppose 3*u - 133 = 4*g, -5*u - g + 199 = -2*g. What is the highest common divisor of q and u?
13
Let c = 701 - 426. What is the greatest common divisor of c and 44?
11
Let s be 4/((-4)/108*-6). Suppose 4*z - 292 = -3*h + 9*z, 5*z + 391 = 4*h. Calculate the greatest common divisor of h and s.
9
Suppose -2*j + 4*k + 5 = 3, 5*k + 1 = j. Let p be (1 - (-1)/j)*63/2. What is the highest common divisor of p and 27?
9
Suppose -c + 3 = f, -3*c - 5*f + 0 = -3. Let q be 3*(40/c)/5. Suppose q*k + k - 75 = 0. What is the highest common divisor of k and 135?
15
Let r be 1/(((-2)/(-176))/1). Suppose a = 3*o - 22 - 17, -o - 25 = 6*a. Calculate the highest common factor of o and r.
11
Let n(f) = 6*f**3 + f. Let t be n(-1). Let k(s) = -3*s - 1 + 2*s - 3. Let x be k(t). Calculate the greatest common factor of x and 3.
3
Suppose 3*r + 80 = 4*r. Let a(n) be the second derivative of -n**5/20 + n**4/12 + 5*n**2 - 20*n. Let h be a(0). Calculate the highest common factor of r and h.
10
Let b(h) = -h**3 + 22*h**2 + 28*h - 83. Let o be b(23). What is the greatest common divisor of 328 and o?
8
Let l = 38 + -23. Suppose -246 = -9*g - 32*g. What is the highest common divisor of l and g?
3
Suppose 112*q + 3262 - 20062 = 0. Suppose -4*h + 3*z + 126 = 0, 133 = 5*h + 3*z - 11. Calculate the highest common factor of h and q.
30
Let d(q) be the third derivative of q**4/8 - 15*q**3/2 + q**2 - 14. Let y be d(19). Let s = -57 - -105. Calculate the greatest common divisor of s and y.
12
Suppose 5*m - 57 = 58. Suppose 5*d + 10 = -4*g, g + 4*d + d = -10. Let i be 183 + 2 + (g - 1). Calculate the greatest common divisor of m and i.
23
Let b be (1079 + 12/(-3))/1. What is the greatest common divisor of b and 25?
25
Let b = 8 + -1. Let y = -3 + b. Suppose 0*s - 20 = -y*s. Calculate the greatest common divisor of 2 and s.
1
Let f(c) = -c**2 + 3*c + 350. Let h be f(0). What is the highest common factor of 7 and h?
7
Let l = 655 - 466. Let f = -49 + 70. What is the greatest common divisor of l and f?
21
Let t be (11438/43)/((-4)/(-6)). Calculate the greatest common divisor of t and 19.
19
Let y be (-1)/((-2)/11*6/372). Calculate the highest common factor of 11 and y.
11
Let t(o) = 3*o**2 + 2*o - 4. Suppose 26*i = 32*i + 1